500?
700
What is the greatest common factor of 57343 and 120263?
143
What is the greatest common divisor of 715 and 147745?
65
Calculate the greatest common factor of 679 and 20056690.
97
What is the greatest common factor of 4500 and 247284000?
4500
What is the highest common divisor of 11408 and 32472688?
368
Calculate the highest common divisor of 159686 and 366.
2
Calculate the greatest common factor of 453418 and 79786.
1946
Calculate the highest common factor of 143106097 and 18965.
3793
What is the highest common factor of 24435 and 256380?
15
Calculate the greatest common divisor of 130 and 11261770.
130
What is the highest common divisor of 8810 and 69258934?
1762
What is the highest common divisor of 21937647 and 146661?
4731
What is the greatest common divisor of 36162740 and 204?
68
Calculate the highest common divisor of 776 and 9856752.
776
What is the greatest common factor of 970879 and 2698787?
4277
What is the greatest common factor of 1334010 and 4158084?
5034
Calculate the greatest common factor of 4789938 and 9462.
114
What is the highest common divisor of 48791 and 8536?
97
Calculate the highest common factor of 5726 and 76174.
14
Calculate the greatest common factor of 6682297 and 15793.
929
Calculate the greatest common factor of 4588 and 27373.
31
What is the greatest common divisor of 9664 and 303488?
64
What is the greatest common factor of 1771407 and 2006829?
2871
What is the highest common factor of 1520 and 169951960?
760
What is the highest common factor of 44 and 12653674?
22
What is the greatest common divisor of 11040 and 240672?
2208
What is the highest common divisor of 1630 and 460630?
10
What is the highest common factor of 1529 and 286218097?
1529
Calculate the highest common factor of 154 and 69952680.
14
Calculate the greatest common factor of 50496297 and 41.
41
Calculate the highest common factor of 18630 and 6215130.
810
What is the greatest common divisor of 236250 and 24171750?
6750
What is the greatest common factor of 4038828 and 1633591?
8209
Calculate the highest common factor of 4043369 and 3047.
3047
Calculate the highest common divisor of 285800 and 1525.
25
Calculate the greatest common factor of 18411575 and 455.
455
What is the greatest common divisor of 323 and 232543?
17
Calculate the highest common factor of 172499 and 131546.
1241
Calculate the greatest common factor of 3568 and 1213304.
8
What is the highest common divisor of 8 and 534376?
8
Calculate the highest common factor of 20195 and 38494555.
2885
What is the greatest common factor of 73346 and 1864408?
2366
What is the highest common divisor of 13 and 91275743?
13
Calculate the highest common divisor of 1479187 and 3859.
17
What is the greatest common divisor of 10064667 and 43704?
1821
What is the highest common factor of 1518784 and 470592?
1216
What is the greatest common factor of 1479174 and 4698?
174
Calculate the highest common divisor of 3843 and 11483982.
549
Calculate the greatest common divisor of 66842 and 120346.
38
Calculate the highest common factor of 50616750 and 1725.
75
Calculate the greatest common divisor of 1301647 and 164867.
113
What is the highest common divisor of 52302 and 2164254?
138
Calculate the greatest common divisor of 58167 and 766107.
207
Calculate the highest common factor of 11622 and 1772706.
78
What is the greatest common divisor of 2197408 and 736?
32
Calculate the highest common divisor of 2020 and 6523085.
505
What is the highest common divisor of 1056 and 7824576?
96
Calculate the greatest common divisor of 401 and 6789331.
401
Calculate the highest common factor of 1787 and 762470012.
1787
Calculate the highest common factor of 174895 and 140.
35
What is the greatest common divisor of 36954 and 502?
2
Calculate the highest common divisor of 76585 and 16379279.
901
What is the highest common factor of 2744 and 31953292?
196
What is the greatest common divisor of 3065437994 and 34?
34
What is the greatest common factor of 627 and 34143?
57
Calculate the highest common factor of 172039780 and 220.
220
Calculate the greatest common factor of 42 and 37848867.
21
What is the highest common factor of 64152 and 9075?
33
Calculate the greatest common divisor of 1287 and 23220747.
99
What is the greatest common factor of 750 and 13828200?
150
Calculate the highest common factor of 2721228 and 1020.
12
Calculate the highest common factor of 4068657 and 279.
279
Calculate the highest common factor of 37943 and 1599597.
1997
What is the highest common factor of 59623 and 6649?
109
Calculate the greatest common factor of 9106 and 446476286.
9106
What is the greatest common factor of 16400 and 2104448?
656
What is the greatest common divisor of 4216 and 1270733?
17
What is the greatest common factor of 224752 and 19080934?
2554
Calculate the greatest common factor of 3335123 and 145684.
5203
Calculate the greatest common divisor of 11565 and 12387657.
771
What is the greatest common divisor of 2538328 and 31824?
104
Calculate the highest common factor of 1475853 and 123.
3
What is the greatest common factor of 339350837 and 203?
203
Calculate the greatest common factor of 7119864 and 120.
24
Calculate the greatest common factor of 1051848 and 2604.
84
What is the greatest common divisor of 17279741 and 29791?
961
What is the highest common factor of 467310 and 19610?
370
What is the highest common factor of 1921 and 75038?
17
What is the highest common factor of 158817 and 251001?
501
What is the highest common factor of 2332 and 802367?
53
Calculate the greatest common divisor of 53 and 95974361.
53
What is the highest common divisor of 196741 and 171802?
2771
Calculate the greatest common divisor of 39 and 31379673.
39
What is the greatest common factor of 891 and 53457492?
33
Calculate the highest common divisor of 145 and 59919365.
145
What is the greatest common factor of 425 and 589934425?
425
Calculate the highest common factor of 4836 and 1088636796.
4836
Calculate the greatest common factor of 414844 and 14749386.
5606
Calculate the highest common divisor of 16 and 69779344.
16
Calculate the highest common factor of 18792805 and 335315.
1685
What is the highest common divisor of 1645202 and 23764?
26
Calculate the greatest common factor of 2276 and 55075786.
1138
Calculate the highest common factor of 499725 and 26747503.
2221
What is the greatest common factor of 114 and 175867002?
114
Calculate the greatest common factor of 457200 and 10414.
254
Calculate the greatest common divisor of 1014 and 2714361.
39
Calculate the highest common factor of 1857265500 and 750.
750
Calculate the highest common factor of 29742 and 5094.
6
What is the highest common factor of 1506 and 7584?
6
Calculate the highest common factor of 2157610 and 8645.
455
What is the highest common divisor of 1858736 and 85019?
649
What is the greatest common divisor of 3075 and 997161?
123
Calculate the highest common factor of 10475 and 1281721.
419
Calculate the greatest common divisor of 9 and 429176718.
9
Calculate the highest common divisor of 339 and 13058393.
113
What is the highest common factor of 333 and 39213?
9
Calculate the highest common factor of 1572 and 27359481.
393
What is the highest common factor of 66 and 197295274?
22
Calculate the greatest common divisor of 48184 and 690426.
634
Calculate the highest common factor of 24146444 and 148.
4
What is the highest common divisor of 9 and 4905459?
9
What is the highest common divisor of 858403 and 1638?
91
Calculate the highest common factor of 88821815 and 1585.
1585
What is the highest common factor of 4006 and 220736609?
2003
What is the highest common factor of 6531 and 2369157?
21
Calculate the greatest common divisor of 43264 and 893672.
1352
Calculate the greatest common factor of 10808 and 19654348.
5404
What is the highest common divisor of 2479 and 494579?
37
Calculate the highest common divisor of 2328 and 35973129.
291
Calculate the greatest common divisor of 119625 and 22693.
11
Calculate the highest common factor of 1740 and 17258190.
870
Calculate the highest common factor of 23309280 and 33.
3
What is the greatest common divisor of 1229 and 2511575797?
1229
What is the highest common factor of 1141 and 9866553?
163
Calculate the grea